 Give y(2).
2407
Let y(x) = -64*x - 1392. What is y(-21)?
-48
Let a(n) = 114*n**2 - 747*n - 4. Determine a(7).
353
Let z(l) = 2*l**3 + 184*l**2 + 1804*l + 1778. Calculate z(-81).
-4
Let j(m) = -44494*m - 3737504. What is j(-84)?
-8
Let o(a) = -191*a**3 - 139*a**2 - 266*a + 15. Give o(-2).
1519
Let n(s) = -1062*s + 33982. Calculate n(32).
-2
Let v(n) = -184*n - 23. Give v(4).
-759
Let s(b) = -9926*b - 3037371. What is s(-306)?
-15
Let n(v) = 2524*v + 356047. Determine n(-141).
163
Let i(a) = -2*a**3 + 72*a**2 + 2425*a - 84202. Give i(40).
-2
Let w(p) = -28999*p + 551001. Give w(19).
20
Let h(c) = -106*c**3 - 15*c**2 + 416*c + 1240. Give h(-3).
2719
Let n(i) = i**3 - 46*i**2 + 161*i - 1461. What is n(43)?
-85
Let s(z) = -z**3 - 27*z**2 + 10122*z + 237. Calculate s(-115).
7
Let m(w) = -170*w**2 + 2353*w + 1. What is m(13)?
1860
Let g(c) = -9*c**2 - 8729*c - 60674. Determine g(-7).
-12
Let b(x) = -40*x**2 + 504*x + 47. Calculate b(14).
-737
Let f(y) = 7*y**2 - 1081*y + 36732. What is f(104)?
20
Let o(h) = 411*h + 50527. What is o(-121)?
796
Let a(o) = o**2 + 148*o + 5484. What is a(-80)?
44
Let x(y) = 35021*y - 70032. What is x(2)?
10
Let a(n) = 12*n**2 - 1707*n + 733. Give a(142).
307
Let f(x) = -2*x**3 - 45*x**2 + 150*x + 681. Calculate f(-25).
56
Let s(c) = -c**2 - 38*c + 1184. Determine s(22).
-136
Let k(v) = -v**3 - 14*v**2 - 61*v - 399. What is k(-15)?
741
Let h(i) = 348*i**2 - 2440*i + 32. Determine h(7).
4
Let u(b) = 1009*b + 20159. Calculate u(-20).
-21
Let j(n) = n**3 + 137*n**2 + 4135*n - 33999. Determine j(-80).
1
Let d(f) = -1023*f + 577691. What is d(564)?
719
Let h(l) = -l**2 - 35*l + 16. What is h(-35)?
16
Let z(k) = 2269*k + 65827. Give z(-29).
26
Let t(b) = -b**2 + 955024*b + 6685213. What is t(-7)?
-4
Let t(a) = 4*a**3 + 63*a**2 + 255*a + 140. Calculate t(-7).
70
Let i(c) = 45*c**2 + 657*c + 2642. Give i(-4).
734
Let n(b) = 7219*b + 57776. Calculate n(-8).
24
Let z(j) = -2*j**2 + 17336*j + 1117664. Determine z(-64).
-32
Let t(f) = -f**3 + 20*f**2 - 131*f + 157. Determine t(7).
-123
Let x(q) = -394208*q - 1971050. Determine x(-5).
-10
Let f(j) = -2*j**2 + 5604*j - 709959. Calculate f(133).
-5
Let d(h) = -47*h**2 + 12881*h - 989. Calculate d(274).
-167
Let u(x) = -65*x + 2524. What is u(19)?
1289
Let y(i) = 583051*i + 3498288. Give y(-6).
-18
Let c(m) = -m**2 + 24330*m - 850326. Determine c(35).
-1
Let a(n) = -11*n**2 + 78*n + 833. What is a(-12)?
-1687
Let s(b) = 1526*b - 8961. What is s(6)?
195
Let c(x) = 506*x + 88538. Determine c(-175).
-12
Let j(s) = 197*s**2 + 15360*s + 57853. Give j(-74).
-15
Let i(s) = s**3 - 20*s**2 - 162*s + 109. What is i(28)?
1845
Let n(m) = 2133*m + 18765. Determine n(-9).
-432
Let s(k) = -12860*k - 887221. Determine s(-69).
119
Let y(l) = l**2 + 10683*l - 19361699. What is y(1579)?
-1
Let b(q) = -338*q + 3487. Calculate b(12).
-569
Let r(y) = -5*y**3 - 92*y**2 - 916*y - 1489. Give r(-2).
15
Let r(v) = 3*v**2 - 3664*v - 48152. What is r(-13)?
-13
Let t(k) = 34*k**3 + 268*k**2 - 516*k - 32. Determine t(2).
280
Let s(q) = -q**2 - 116*q - 3074. What is s(-55)?
281
Let w(t) = -142*t - 19113. Calculate w(-135).
57
Let r(c) = 5002*c + 3201289. Calculate r(-640).
9
Let j(u) = 2*u**3 + 344*u**2 - 333*u + 789. Give j(-173).
-1460
Let y(j) = -43*j**2 + 10186*j + 10185. Give y(-1).
-44
Let w(u) = -u**3 - 384*u**2 + 709*u + 124721. What is w(-385)?
-19
Let f(i) = -5*i**2 - 260*i - 1477. Determine f(-6).
-97
Let h(k) = -13*k**2 - 8525*k + 51087. Calculate h(6).
-531
Let u(w) = 3*w**3 + 282*w**2 - 288*w + 91. Give u(-95).
376
Let v(b) = 1624*b - 237110. Determine v(146).
-6
Let z(w) = 4*w**3 - 808*w**2 - 181995*w - 2027. Calculate z(-135).
-2
Let w(z) = z**3 + 15*z**2 - 421*z + 969. What is w(14)?
759
Let u(y) = -21*y**2 - 632*y + 567. Give u(-32).
-713
Let m(w) = -67*w**2 + 146*w - 427. Calculate m(3).
-592
Let g(y) = 3314*y**2 + 16557*y + 7. Determine g(-5).
72
Let b(p) = 47*p**3 - 13*p**2 + 115*p + 247. Calculate b(-2).
-411
Let j(o) = -o**2 - 1349935*o + 10799545. What is j(8)?
1
Let l(j) = 111*j + 17275. Give l(-155).
70
Let s(j) = 2*j**3 - 10*j**2 + 14*j - 182. What is s(6)?
-26
Let f(d) = 3*d**3 + d**2 - 1217*d + 7235. Determine f(6).
617
Let k(q) = -q**3 - 5*q**2 + 2469*q - 9745. Calculate k(4).
-13
Let q(g) = g**3 - 15*g**2 - 413*g + 6373. Determine q(19).
-30
Let h(x) = 2*x**2 + 101384*x + 1115003. Give h(-11).
21
Let t(y) = 65*y + 962. Calculate t(-3).
767
Let g(b) = b**3 + 53*b**2 - 114*b + 509. Determine g(-55).
729
Let n(k) = k**2 + 680*k + 92295. What is n(-187)?
104
Let s(m) = -361*m**2 - 5*m + 13. What is s(-1)?
-343
Let b(g) = 121*g - 1469. Give b(13).
104
Let z(g) = 8*g**3 + 5487*g**2 - 28334*g - 2075. Give z(-691).
-2
Let b(m) = -6245*m - 1679902. Give b(-269).
3
Let u(k) = -2*k**2 + 122*k - 1236. What is u(12)?
-60
Let f(m) = m**2 - 123*m - 1277. Determine f(-11).
197
Let n(t) = -95*t - 11387. Calculate n(-136).
1533
Let k(b) = -8*b**3 + 6*b**2 - 39*b + 56. Determine k(2).
-62
Let h(s) = 214*s - 21924. What is h(102)?
-96
Let d(t) = 135*t**2 + 67*t + 227. Give d(-4).
2119
Let h(x) = 321*x - 11560. Determine h(36).
-4
Let g(q) = -1290*q - 2505. Calculate g(-2).
75
Let b(k) = -2*k**3 + 8*k**2 + 1264*k - 6260. Determine b(5).
10
Let s(x) = -15160*x + 75628. What is s(5)?
-172
Let q(a) = 4*a**3 + 97*a**2 - 125*a + 352. What is q(-25)?
1602
Let m(u) = 85*u**2 + 3869*u - 10146. What is m(-48)?
-18
Let l(u) = 201*u**2 + 2000*u - 52. Give l(-12).
4892
Let c(j) = j**3 - 3*j**2 - 250*j + 554. Determine c(17).
350
Let i(u) = 15946*u + 1594582. Determine i(-100).
-18
Let y(o) = 3307*o - 95866. What is y(29)?
37
Let h(a) = 7*a**3 + 211*a**2 + 156*a + 3517. What is h(-30)?
-263
Let u(i) = i**3 - 65*i**2 + 510*i - 24172. Give u(63).
20
Let q(h) = 5943*h - 106990. Calculate q(18).
-16
Let n(d) = 13689*d + 725516. Determine n(-53).
-1
Let x(q) = 248*q**2 - 109860*q - 1826. Calculate x(443).
-54
Let m(k) = -k**3 - 348*k**2 + 8875*k - 19766. What is m(-372)?
-50
Let q(w) = -16222*w + 7721685. What is q(476)?
13
Let i(u) = 2*u**3 - 107*u**2 + 86*u - 1591. Give i(52).
-5231
Let w(a) = -5476*a + 5603. What is w(1)?
127
Let u(k) = k**3 - 28*k**2 + 40*k + 2489. What is u(19)?
0
Let f(k) = 7800*k + 519. What is f(0)?
519
Let c(r) = -r**2 + 293*r + 28266. Calculate c(-77).
-224
Let u(d) = -1169*d + 75955. Determine u(65).
-30
Let c(u) = -2*u**3 - 227*u**2 + 814*u - 413. Calculate c(-117).
172
Let v(a) = 5281*a - 41773. Determine v(8).
475
Let y(s) = -2*s**3 + 5*s**2 - 26*s - 147. Calculate y(-4).
165
Let z(r) = -54*r**2 + 5536*r - 123887. Calculate z(33).
-5
Let i(t) = 279434*t - 10618487. Calculate i(38).
5
Let j(q) = 6241*q - 137333. Determine j(22).
-31
Let n(s) = -2*s**2 + 697*s - 44171. Determine n(266).
-281
Let g(y) = -y**3 + 25*y**2 - 48*y - 1053. Give g(20).
-13
Let q(h) = 263*h**2 - 1395*h + 1394. Calculate q(1).
262
Let i(x) = x + 256. Calculate i(-109).
147
Let a(g) = 18*g**2 + 221*g - 1937. Calculate a(8).
983
Let d(k) = -9*k**2 + 764*k + 3018. What is d(-4)?
-182
Let u(v) = 806*v - 6640. Give u(8).
-192
Let u(h) = -2*h + 114. What is u(57)?
0
Let o(t) = 2*t**3 + 91*t**2 + 971*t + 50. Give o(-16).
-382
Let v(k) = 3*k**3 - 1869*k**2 - 5611*k - 14396. What is v(626)?
2
Let o(w) = 2*w**3 + 127*w**2 - 165*w - 2029. Calculate o(-65).
-3979
Let z(l) = l**3 + l**2 + 4294*l + 12906. What is z(-3)?
6
Let m(a) = 4197*a - 1536114. What is m(366)?
-12
Let p(b) = 5*b**2 + 329*b + 5218. Give p(-38).
-64
Let g(x) = -32*x**2 + 4534*x - 44799. Determine g(131).
3
Let q(w) = -w**3 + 645*w**2 - 1988*w + 153. What is q(3)?
-33
Let a(j) = -59*j**2 + 8569*j - 51170. What is a(139)?
-18
Let n(p) = -p**2 - 2308*p + 45996. Determine n(20).
-564
Let j(i) = -6*i**3 - 211*i**2 + 257*i + 371. Determine j(2).
-7
Let u(h) = h**3 + 93*h**2 + 882*h - 1648. Give u(-82).
-8
Let k(t) = -30*t**3 - 14*t**2 + 18*t + 44. Give k(-2).
192
Let q(v) = 70714*v - 353592. What is q(5)?
-22
Let g(p) = -p**3 - 167*p**2 - 2182*p - 557068. What is g(-173)?
-8
Let a(z) = -28*z**3 + 114*z**2 - 341*z + 1. What is a(3)?
-752
Let j(t) = 150*t + 7210. Calculate j(-48).
10
Let w(f) = f**3 + 10610*f**2 + 169539*f + 563. What is w(-16)?
3
Let y(n) = 195*n**2 - 372*n - 20. Determine y(2).
16
Let i(c) = c**2 - 199*c + 4775. What is i(28)?
-13
Let d(w) = -2*w**3 -